{"id":519,"date":"2023-09-27T13:18:47","date_gmt":"2023-09-27T11:18:47","guid":{"rendered":"https:\/\/www.metaconception.com\/?page_id=519"},"modified":"2025-03-22T13:55:42","modified_gmt":"2025-03-22T12:55:42","slug":"nos-services","status":"publish","type":"page","link":"https:\/\/www.metaconception.com\/?page_id=519","title":{"rendered":"Services &#8211; what can we do for you ?"},"content":{"rendered":"\n<div class=\"wp-block-media-text alignwide is-stacked-on-mobile\" style=\"grid-template-columns:38% auto\"><figure class=\"wp-block-media-text__media\"><img loading=\"lazy\" decoding=\"async\" width=\"560\" height=\"396\" src=\"https:\/\/www.metaconception.com\/wp-content\/uploads\/2023\/11\/ergonomique.jpg\" alt=\"\" class=\"wp-image-639 size-full\" srcset=\"https:\/\/www.metaconception.com\/wp-content\/uploads\/2023\/11\/ergonomique.jpg 560w, https:\/\/www.metaconception.com\/wp-content\/uploads\/2023\/11\/ergonomique-300x212.jpg 300w\" sizes=\"auto, (max-width: 560px) 100vw, 560px\" \/><\/figure><div class=\"wp-block-media-text__content\">\n<blockquote class=\"wp-block-quote is-layout-flow wp-block-quote-is-layout-flow\">\n<h2 class=\"wp-block-heading\"><strong><mark style=\"background-color:rgba(0, 0, 0, 0)\" class=\"has-inline-color has-vivid-red-color\">Site ergonomique<\/mark><\/strong><\/h2>\n<cite>Un site ergonomique est un site qui a \u00e9t\u00e9 pens\u00e9 de mani\u00e8re \u00e0 s&rsquo;adapter en termes d&rsquo;espace \u00e0 toutes plateformes d&rsquo;utilisation.<\/cite><\/blockquote>\n<\/div><\/div>\n\n\n\n<div class=\"wp-block-media-text alignwide has-media-on-the-right is-stacked-on-mobile\" style=\"grid-template-columns:auto 28%\"><div class=\"wp-block-media-text__content\">\n<blockquote class=\"wp-block-quote is-layout-flow wp-block-quote-is-layout-flow\">\n<h2 class=\"wp-block-heading\"><mark style=\"background-color:rgba(0, 0, 0, 0)\" class=\"has-inline-color has-pale-cyan-blue-color\">Site compatible t\u00e9l\u00e9phones portables<\/mark><\/h2>\n<cite>Tous nos sites sont compatibles avec tous les t\u00e9l\u00e9phones portables du march\u00e9.<\/cite><\/blockquote>\n<\/div><figure class=\"wp-block-media-text__media\"><img loading=\"lazy\" decoding=\"async\" width=\"300\" height=\"225\" src=\"https:\/\/www.metaconception.com\/wp-content\/uploads\/2023\/11\/site-responsive-compatible-mobile.png\" alt=\"\" class=\"wp-image-646 size-full\"\/><\/figure><\/div>\n\n\n\n<div class=\"wp-block-media-text alignwide is-stacked-on-mobile\"><figure class=\"wp-block-media-text__media\"><img loading=\"lazy\" decoding=\"async\" width=\"1024\" height=\"681\" src=\"https:\/\/www.metaconception.com\/wp-content\/uploads\/2023\/11\/google-loupe-1200x798-1-1024x681.jpg\" alt=\"\" class=\"wp-image-652 size-full\" srcset=\"https:\/\/www.metaconception.com\/wp-content\/uploads\/2023\/11\/google-loupe-1200x798-1-1024x681.jpg 1024w, https:\/\/www.metaconception.com\/wp-content\/uploads\/2023\/11\/google-loupe-1200x798-1-300x200.jpg 300w, https:\/\/www.metaconception.com\/wp-content\/uploads\/2023\/11\/google-loupe-1200x798-1-768x511.jpg 768w, https:\/\/www.metaconception.com\/wp-content\/uploads\/2023\/11\/google-loupe-1200x798-1.jpg 1200w\" sizes=\"auto, (max-width: 1024px) 100vw, 1024px\" \/><\/figure><div class=\"wp-block-media-text__content\">\n<blockquote class=\"wp-block-quote is-layout-flow wp-block-quote-is-layout-flow\">\n<h2 class=\"wp-block-heading\"><mark style=\"background-color:rgba(0, 0, 0, 0)\" class=\"has-inline-color has-luminous-vivid-amber-color\">Site r\u00e9f\u00e9renc\u00e9<\/mark><\/h2>\n<cite>Tous nos sites sont optimis\u00e9s pour un r\u00e9f\u00e9rencement optimal sur tous les moteurs de recherche.<\/cite><\/blockquote>\n<\/div><\/div>\n\n\n\n<div class=\"wp-block-media-text alignwide has-media-on-the-right is-stacked-on-mobile\" style=\"grid-template-columns:auto 39%\"><div class=\"wp-block-media-text__content\">\n<blockquote class=\"wp-block-quote is-layout-flow wp-block-quote-is-layout-flow\">\n<h2 class=\"wp-block-heading\"><mark style=\"background-color:rgba(0, 0, 0, 0)\" class=\"has-inline-color has-vivid-purple-color\">Site adaptatif<\/mark><\/h2>\n<cite>Tous nos sites sont dits adaptatifs, cela signifie que le temps de chargement de chacun est optimis\u00e9.<\/cite><\/blockquote>\n<\/div><figure class=\"wp-block-media-text__media\"><img loading=\"lazy\" decoding=\"async\" width=\"980\" height=\"544\" src=\"https:\/\/www.metaconception.com\/wp-content\/uploads\/2023\/11\/Responsive_Website_Design-2.jpg\" alt=\"\" class=\"wp-image-655 size-full\" srcset=\"https:\/\/www.metaconception.com\/wp-content\/uploads\/2023\/11\/Responsive_Website_Design-2.jpg 980w, https:\/\/www.metaconception.com\/wp-content\/uploads\/2023\/11\/Responsive_Website_Design-2-300x167.jpg 300w, https:\/\/www.metaconception.com\/wp-content\/uploads\/2023\/11\/Responsive_Website_Design-2-768x426.jpg 768w\" sizes=\"auto, (max-width: 980px) 100vw, 980px\" \/><\/figure><\/div>\n\n\n\n<div class=\"wp-block-media-text alignwide is-stacked-on-mobile\" style=\"grid-template-columns:58% auto\"><figure class=\"wp-block-media-text__media\"><img loading=\"lazy\" decoding=\"async\" width=\"830\" height=\"413\" src=\"https:\/\/www.metaconception.com\/wp-content\/uploads\/2023\/11\/difference-site-dynamique-site-statique.jpg\" alt=\"\" class=\"wp-image-661 size-full\" srcset=\"https:\/\/www.metaconception.com\/wp-content\/uploads\/2023\/11\/difference-site-dynamique-site-statique.jpg 830w, https:\/\/www.metaconception.com\/wp-content\/uploads\/2023\/11\/difference-site-dynamique-site-statique-300x149.jpg 300w, https:\/\/www.metaconception.com\/wp-content\/uploads\/2023\/11\/difference-site-dynamique-site-statique-768x382.jpg 768w\" sizes=\"auto, (max-width: 830px) 100vw, 830px\" \/><\/figure><div class=\"wp-block-media-text__content\">\n<blockquote class=\"wp-block-quote is-layout-flow wp-block-quote-is-layout-flow\">\n<h2 class=\"wp-block-heading\"><mark style=\"background-color:rgba(0, 0, 0, 0)\" class=\"has-inline-color has-vivid-green-cyan-color\">Site dynamique<\/mark><\/h2>\n<cite>Un site dynamique est un site cod\u00e9 avec des langages dits dynamique, qui s&rsquo;opposent \u00e0 la staticit\u00e9.<\/cite><\/blockquote>\n<\/div><\/div>\n\n\n\n<div class=\"wp-block-media-text alignwide has-media-on-the-right is-stacked-on-mobile\" style=\"grid-template-columns:auto 39%\"><div class=\"wp-block-media-text__content\">\n<blockquote class=\"wp-block-quote is-layout-flow wp-block-quote-is-layout-flow\">\n<h2 class=\"wp-block-heading\"><mark style=\"background-color:rgba(0, 0, 0, 0)\" class=\"has-inline-color has-luminous-vivid-orange-color\">Site personnalis\u00e9<\/mark><\/h2>\n<cite>Tous nos sites sont enti\u00e8rement personnalis\u00e9s, c&rsquo;est \u00e0 dire qu&rsquo;ils s&rsquo;adaptent \u00e0 la demande de chacun de nos clients.<\/cite><\/blockquote>\n<\/div><figure class=\"wp-block-media-text__media\"><img loading=\"lazy\" decoding=\"async\" width=\"709\" height=\"442\" src=\"https:\/\/www.metaconception.com\/wp-content\/uploads\/2023\/11\/Header-dealerWebsite-3.png\" alt=\"\" class=\"wp-image-669 size-full\" srcset=\"https:\/\/www.metaconception.com\/wp-content\/uploads\/2023\/11\/Header-dealerWebsite-3.png 709w, https:\/\/www.metaconception.com\/wp-content\/uploads\/2023\/11\/Header-dealerWebsite-3-300x187.png 300w\" sizes=\"auto, (max-width: 709px) 100vw, 709px\" \/><\/figure><\/div>\n","protected":false},"excerpt":{"rendered":"","protected":false},"author":1,"featured_media":0,"parent":0,"menu_order":0,"comment_status":"closed","ping_status":"closed","template":"","meta":{"footnotes":""},"class_list":["post-519","page","type-page","status-publish","hentry"],"_links":{"self":[{"href":"https:\/\/www.metaconception.com\/index.php?rest_route=\/wp\/v2\/pages\/519","targetHints":{"allow":["GET"]}}],"collection":[{"href":"https:\/\/www.metaconception.com\/index.php?rest_route=\/wp\/v2\/pages"}],"about":[{"href":"https:\/\/www.metaconception.com\/index.php?rest_route=\/wp\/v2\/types\/page"}],"author":[{"embeddable":true,"href":"https:\/\/www.metaconception.com\/index.php?rest_route=\/wp\/v2\/users\/1"}],"replies":[{"embeddable":true,"href":"https:\/\/www.metaconception.com\/index.php?rest_route=%2Fwp%2Fv2%2Fcomments&post=519"}],"version-history":[{"count":26,"href":"https:\/\/www.metaconception.com\/index.php?rest_route=\/wp\/v2\/pages\/519\/revisions"}],"predecessor-version":[{"id":758,"href":"https:\/\/www.metaconception.com\/index.php?rest_route=\/wp\/v2\/pages\/519\/revisions\/758"}],"wp:attachment":[{"href":"https:\/\/www.metaconception.com\/index.php?rest_route=%2Fwp%2Fv2%2Fmedia&parent=519"}],"curies":[{"name":"wp","href":"https:\/\/api.w.org\/{rel}","templated":true}]}}